{"id":113,"date":"2026-04-10T18:08:15","date_gmt":"2026-04-10T18:08:15","guid":{"rendered":"https:\/\/promoeco.tuempresaon.com\/?page_id=113"},"modified":"2026-04-10T18:08:44","modified_gmt":"2026-04-10T18:08:44","slug":"bases-principales-para-sorteo-500e-para-lo-que-quieras-de-la-web-2","status":"publish","type":"page","link":"https:\/\/promoeco.tuempresaon.com\/?page_id=113","title":{"rendered":"BASES PRINCIPALES PARA SORTEO 500\u20ac PARA LO QUE QUIERAS DE LA WEB"},"content":{"rendered":"\t\t<div data-elementor-type=\"wp-page\" data-elementor-id=\"113\" class=\"elementor elementor-113\">\n\t\t\t\t\t\t<section class=\"elementor-section elementor-top-section elementor-element elementor-element-21efe39a elementor-section-boxed elementor-section-height-default elementor-section-height-default\" data-id=\"21efe39a\" data-element_type=\"section\" data-e-type=\"section\">\n\t\t\t\t\t\t<div class=\"elementor-container elementor-column-gap-default\">\n\t\t\t\t\t<div class=\"elementor-column elementor-col-100 elementor-top-column elementor-element elementor-element-157835c6\" data-id=\"157835c6\" data-element_type=\"column\" data-e-type=\"column\">\n\t\t\t<div class=\"elementor-widget-wrap elementor-element-populated\">\n\t\t\t\t\t\t<div class=\"elementor-element elementor-element-1ed9e12d elementor-widget elementor-widget-image\" data-id=\"1ed9e12d\" data-element_type=\"widget\" data-e-type=\"widget\" data-widget_type=\"image.default\">\n\t\t\t\t\t\t\t\t\t\t\t\t\t\t\t\t<a href=\"http:\/\/www.ecoimpresion.es\">\n\t\t\t\t\t\t\t<img decoding=\"async\" width=\"300\" height=\"150\" src=\"https:\/\/promoeco.tuempresaon.com\/wp-content\/uploads\/2026\/04\/logo-ecoimpresion-FONDOTRANSPARENTE-300x150.png\" class=\"attachment-medium size-medium wp-image-114\" alt=\"\" srcset=\"https:\/\/promoeco.tuempresaon.com\/wp-content\/uploads\/2026\/04\/logo-ecoimpresion-FONDOTRANSPARENTE-300x150.png 300w, https:\/\/promoeco.tuempresaon.com\/wp-content\/uploads\/2026\/04\/logo-ecoimpresion-FONDOTRANSPARENTE-768x384.png 768w, https:\/\/promoeco.tuempresaon.com\/wp-content\/uploads\/2026\/04\/logo-ecoimpresion-FONDOTRANSPARENTE.png 1000w\" sizes=\"(max-width: 300px) 100vw, 300px\" \/>\t\t\t\t\t\t\t\t<\/a>\n\t\t\t\t\t\t\t\t\t\t\t\t\t\t\t<\/div>\n\t\t\t\t\t<\/div>\n\t\t<\/div>\n\t\t\t\t\t<\/div>\n\t\t<\/section>\n\t\t\t\t<section class=\"elementor-section elementor-top-section elementor-element elementor-element-66a50dd6 elementor-section-boxed elementor-section-height-default elementor-section-height-default\" data-id=\"66a50dd6\" data-element_type=\"section\" data-e-type=\"section\">\n\t\t\t\t\t\t<div class=\"elementor-container elementor-column-gap-default\">\n\t\t\t\t\t<div class=\"elementor-column elementor-col-100 elementor-top-column elementor-element elementor-element-436af8ae\" data-id=\"436af8ae\" data-element_type=\"column\" data-e-type=\"column\">\n\t\t\t<div class=\"elementor-widget-wrap elementor-element-populated\">\n\t\t\t\t\t\t<div class=\"elementor-element elementor-element-1c2201e3 elementor-widget elementor-widget-heading\" data-id=\"1c2201e3\" data-element_type=\"widget\" data-e-type=\"widget\" data-widget_type=\"heading.default\">\n\t\t\t\t\t<h1 class=\"elementor-heading-title elementor-size-default\">BASES DEL SORTEO 500\u20ac - NOVIEMBRE 2020<\/h1>\t\t\t\t<\/div>\n\t\t\t\t\t<\/div>\n\t\t<\/div>\n\t\t\t\t\t<\/div>\n\t\t<\/section>\n\t\t\t\t<section class=\"elementor-section elementor-top-section elementor-element elementor-element-224a5b6d elementor-section-boxed elementor-section-height-default elementor-section-height-default\" data-id=\"224a5b6d\" data-element_type=\"section\" data-e-type=\"section\">\n\t\t\t\t\t\t<div class=\"elementor-container elementor-column-gap-default\">\n\t\t\t\t\t<div class=\"elementor-column elementor-col-33 elementor-top-column elementor-element elementor-element-756b4fdc\" data-id=\"756b4fdc\" data-element_type=\"column\" data-e-type=\"column\">\n\t\t\t<div class=\"elementor-widget-wrap elementor-element-populated\">\n\t\t\t\t\t\t<div class=\"elementor-element elementor-element-46a63837 elementor-widget elementor-widget-text-editor\" data-id=\"46a63837\" data-element_type=\"widget\" data-e-type=\"widget\" data-widget_type=\"text-editor.default\">\n\t\t\t\t\t\t\t\t\t<p><a href=\"https:\/\/www.ecoimpresion.es\/lonas\">LONAS<\/a><br \/><a href=\"https:\/\/www.ecoimpresion.es\/vinilos\">VINILOS<\/a><br \/><a href=\"https:\/\/www.ecoimpresion.es\/gran-formato\">GRAN FORMATO<\/a><br \/><a href=\"https:\/\/www.ecoimpresion.es\/vallas-carteles\">CARTELES PUBLICITARIOS<\/a><br \/><a href=\"https:\/\/www.ecoimpresion.es\/material\">MATERIALES<\/a><br \/><a href=\"https:\/\/www.ecoimpresion.es\/pequeno-formato\" target=\"_blank\" rel=\"noopener\">PEQUE\u00d1O FORMATO<\/a><br \/><a href=\"https:\/\/www.ecoimpresion.es\/ofertas\" target=\"_blank\" rel=\"noopener\">OFERTAS<\/a><br \/><a href=\"https:\/\/www.ecoimpresion.es\/mas\" target=\"_blank\" rel=\"noopener\">DISE\u00d1O<\/a><\/p>\t\t\t\t\t\t\t\t<\/div>\n\t\t\t\t\t<\/div>\n\t\t<\/div>\n\t\t\t\t<div class=\"elementor-column elementor-col-66 elementor-top-column elementor-element elementor-element-6ceb9e23\" data-id=\"6ceb9e23\" data-element_type=\"column\" data-e-type=\"column\">\n\t\t\t<div class=\"elementor-widget-wrap elementor-element-populated\">\n\t\t\t\t\t\t<div class=\"elementor-element elementor-element-56e63280 elementor-widget elementor-widget-text-editor\" data-id=\"56e63280\" data-element_type=\"widget\" data-e-type=\"widget\" data-widget_type=\"text-editor.default\">\n\t\t\t\t\t\t\t\t\t<h3><span style=\"font-size: 10.0pt; font-family: 'Arial',sans-serif; mso-fareast-font-family: 'Times New Roman'; color: #888888; mso-fareast-language: ES;\">Este concurso est\u00e1 sujeto a las <\/span><span style=\"font-size: 10.0pt; font-family: 'Arial',sans-serif; mso-fareast-font-family: 'Times New Roman'; color: windowtext; mso-fareast-language: ES;\"><a href=\"https:\/\/promo.ecoimpresion.es\/bases-principales-para-sorteos-y-acciones-promocionales-html\/\">bases generales de concursos.<\/a><\/span><\/h3><ul style=\"margin-top: 0cm;\" type=\"disc\"><li style=\"color: #888888; margin-bottom: 0cm; line-height: normal; mso-list: l0 level1 lfo1; tab-stops: list 36.0pt; vertical-align: baseline;\"><span style=\"font-size: 10.0pt; font-family: 'Arial',sans-serif; mso-fareast-font-family: 'Times New Roman'; mso-fareast-language: ES;\">Se realizar\u00e1 un sorteo entre todos los participantes que hayan cumplido correctamente las bases del concurso.<\/span><\/li><\/ul><ul style=\"margin-top: 0cm;\" type=\"circle\"><li style=\"color: #888888; margin-bottom: 0cm; line-height: normal; mso-list: l0 level1 lfo2; tab-stops: list 36.0pt; vertical-align: baseline;\"><span style=\"font-size: 10.0pt; font-family: 'Arial',sans-serif; mso-fareast-font-family: 'Times New Roman'; mso-fareast-language: ES;\">El premio consiste en 500\u20ac para utilizar en cualquier art\u00edculo de publicidad impresa de nuestra web, en una sola vez. Para participar debes hacer:<\/span><br \/><ul type=\"circle\"><li style=\"color: #888888; mso-margin-top-alt: auto; mso-margin-bottom-alt: auto; line-height: normal; mso-list: l0 level2 lfo2; tab-stops: list 72.0pt; vertical-align: baseline;\"><span style=\"font-size: 10.0pt; font-family: 'Arial',sans-serif; mso-fareast-font-family: 'Times New Roman'; mso-fareast-language: ES;\">Si participas desde Twitter debes seguir a @ecoimpresion, comentar con el hashtag #EcoimpresionY500\u20acEnPublicidad o #Ecoimpresion-500\u20ac-Gratis-ActivaTuNegocioy rellenar el formulario de suscripci\u00f3n.<\/span><\/li><li style=\"color: #888888; mso-margin-top-alt: auto; mso-margin-bottom-alt: auto; line-height: normal; mso-list: l0 level2 lfo2; tab-stops: list 72.0pt; vertical-align: baseline;\"><span style=\"font-size: 10.0pt; font-family: 'Arial',sans-serif; mso-fareast-font-family: 'Times New Roman'; mso-fareast-language: ES;\">Si participas desde Facebook debes comentar mencionandoa un amigo\/a y rellenar el formulario de suscripci\u00f3n.<\/span><\/li><li style=\"color: #888888; mso-margin-top-alt: auto; mso-margin-bottom-alt: auto; line-height: normal; mso-list: l0 level2 lfo2; tab-stops: list 72.0pt; vertical-align: baseline;\"><span style=\"font-size: 10.0pt; font-family: 'Arial',sans-serif; mso-fareast-font-family: 'Times New Roman'; mso-fareast-language: ES;\">Si participas desde Instagram debes comentar la publicaci\u00f3n mencionando a un amigo\/a, seguir a ecoimpresion.es y rellenar el formulario de suscripci\u00f3n.<\/span><\/li><li style=\"color: #888888; mso-margin-top-alt: auto; mso-margin-bottom-alt: auto; line-height: normal; mso-list: l0 level2 lfo2; tab-stops: list 72.0pt; vertical-align: baseline;\"><span style=\"font-size: 10.0pt; font-family: 'Arial',sans-serif; mso-fareast-font-family: 'Times New Roman'; mso-fareast-language: ES;\">Si participas desde la web debes rellenar el formulario de suscripci\u00f3n.<\/span><\/li><\/ul><\/li><\/ul><ul style=\"margin-top: 0cm;\" type=\"disc\"><li style=\"color: #888888; margin-bottom: 0cm; line-height: normal; mso-list: l0 level1 lfo3; tab-stops: list 36.0pt; vertical-align: baseline;\"><span style=\"font-size: 10.0pt; font-family: 'Arial',sans-serif; mso-fareast-font-family: 'Times New Roman'; mso-fareast-language: ES;\">Promoci\u00f3n v\u00e1lida desde las 00:01h del 24\/10\/2020 hasta las 23:59h del 20\/11\/2020.<\/span><\/li><\/ul><ul style=\"margin-top: 0cm;\" type=\"disc\"><li style=\"color: #888888; margin-bottom: 0cm; line-height: normal; mso-list: l1 level1 lfo4; tab-stops: list 36.0pt; vertical-align: baseline;\"><span style=\"font-size: 10.0pt; font-family: 'Arial',sans-serif; mso-fareast-font-family: 'Times New Roman'; mso-fareast-language: ES;\">S\u00f3lo ser\u00e1 v\u00e1lida una inscripci\u00f3n por participante para este concurso.<\/span><\/li><li style=\"color: #888888; margin-bottom: 0cm; line-height: normal; mso-list: l1 level1 lfo4; tab-stops: list 36.0pt; vertical-align: baseline;\"><span style=\"font-size: 10.0pt; font-family: 'Arial',sans-serif; mso-fareast-font-family: 'Times New Roman'; mso-fareast-language: ES;\">Los participantes deber\u00e1n ser mayores de edad y residentes en Espa\u00f1a.<\/span><\/li><li style=\"color: #888888; margin-bottom: 0cm; line-height: normal; mso-list: l1 level1 lfo4; tab-stops: list 36.0pt; vertical-align: baseline;\"><span style=\"font-size: 10.0pt; font-family: 'Arial',sans-serif; mso-fareast-font-family: 'Times New Roman'; mso-fareast-language: ES;\">Los nombres de los ganadores ser\u00e1n publicados el mi\u00e9rcoles 23 de Noviembre de 2020 en la p\u00e1gina de facebook de ecoimpresion<\/span><\/li><li style=\"color: #888888; margin-bottom: 0cm; line-height: normal; mso-list: l1 level1 lfo4; tab-stops: list 36.0pt; vertical-align: baseline;\"><span style=\"font-size: 10.0pt; font-family: 'Arial',sans-serif; mso-fareast-font-family: 'Times New Roman'; mso-fareast-language: ES;\">Los ganadores deben responder a la comunicaci\u00f3n de la resoluci\u00f3n del sorteo en un plazo m\u00e1ximo de 10 d\u00edas naturales, en caso contrario el concurso ser\u00e1 declarado como desierto.<\/span><\/li><\/ul>\t\t\t\t\t\t\t\t<\/div>\n\t\t\t\t\t<\/div>\n\t\t<\/div>\n\t\t\t\t\t<\/div>\n\t\t<\/section>\n\t\t\t\t<\/div>\n\t\t","protected":false},"excerpt":{"rendered":"<p>BASES DEL SORTEO 500\u20ac &#8211; NOVIEMBRE 2020 LONASVINILOSGRAN FORMATOCARTELES PUBLICITARIOSMATERIALESPEQUE\u00d1O FORMATOOFERTASDISE\u00d1O Este concurso est\u00e1 sujeto a las bases generales de concursos. Se realizar\u00e1 un sorteo entre todos los participantes que hayan cumplido correctamente las bases del concurso. El premio consiste en 500\u20ac para utilizar en cualquier art\u00edculo de publicidad impresa de nuestra web, en una [&hellip;]<\/p>\n","protected":false},"author":1,"featured_media":0,"parent":0,"menu_order":0,"comment_status":"closed","ping_status":"closed","template":"","meta":{"footnotes":""},"class_list":["post-113","page","type-page","status-publish","hentry"],"_links":{"self":[{"href":"https:\/\/promoeco.tuempresaon.com\/index.php?rest_route=\/wp\/v2\/pages\/113","targetHints":{"allow":["GET"]}}],"collection":[{"href":"https:\/\/promoeco.tuempresaon.com\/index.php?rest_route=\/wp\/v2\/pages"}],"about":[{"href":"https:\/\/promoeco.tuempresaon.com\/index.php?rest_route=\/wp\/v2\/types\/page"}],"author":[{"embeddable":true,"href":"https:\/\/promoeco.tuempresaon.com\/index.php?rest_route=\/wp\/v2\/users\/1"}],"replies":[{"embeddable":true,"href":"https:\/\/promoeco.tuempresaon.com\/index.php?rest_route=%2Fwp%2Fv2%2Fcomments&post=113"}],"version-history":[{"count":4,"href":"https:\/\/promoeco.tuempresaon.com\/index.php?rest_route=\/wp\/v2\/pages\/113\/revisions"}],"predecessor-version":[{"id":349,"href":"https:\/\/promoeco.tuempresaon.com\/index.php?rest_route=\/wp\/v2\/pages\/113\/revisions\/349"}],"wp:attachment":[{"href":"https:\/\/promoeco.tuempresaon.com\/index.php?rest_route=%2Fwp%2Fv2%2Fmedia&parent=113"}],"curies":[{"name":"wp","href":"https:\/\/api.w.org\/{rel}","templated":true}]}}