{"id":191,"date":"2026-04-10T18:08:26","date_gmt":"2026-04-10T18:08:26","guid":{"rendered":"https:\/\/promoeco.tuempresaon.com\/?page_id=191"},"modified":"2026-04-10T18:08:47","modified_gmt":"2026-04-10T18:08:47","slug":"clientes-elecciones-2019-alta-web-de-partidos","status":"publish","type":"page","link":"https:\/\/promoeco.tuempresaon.com\/?page_id=191","title":{"rendered":"CLIENTES ELECCIONES 2019 &#8211; ALTA WEB DE PARTIDOS"},"content":{"rendered":"\t\t<div data-elementor-type=\"wp-page\" data-elementor-id=\"191\" class=\"elementor elementor-191\">\n\t\t\t\t\t\t<section class=\"elementor-section elementor-top-section elementor-element elementor-element-4d0ed1ab elementor-section-boxed elementor-section-height-default elementor-section-height-default\" data-id=\"4d0ed1ab\" data-element_type=\"section\" data-e-type=\"section\">\n\t\t\t\t\t\t<div class=\"elementor-container elementor-column-gap-default\">\n\t\t\t\t\t<div class=\"elementor-column elementor-col-100 elementor-top-column elementor-element elementor-element-c533d75\" data-id=\"c533d75\" data-element_type=\"column\" data-e-type=\"column\">\n\t\t\t<div class=\"elementor-widget-wrap elementor-element-populated\">\n\t\t\t\t\t\t<div class=\"elementor-element elementor-element-4393019a elementor-widget elementor-widget-image\" data-id=\"4393019a\" data-element_type=\"widget\" data-e-type=\"widget\" data-widget_type=\"image.default\">\n\t\t\t\t\t\t\t\t\t\t\t\t\t\t\t<img fetchpriority=\"high\" decoding=\"async\" width=\"1024\" height=\"376\" src=\"https:\/\/promoeco.tuempresaon.com\/wp-content\/uploads\/2026\/04\/boletin_elecciones_2019-1024x376.jpg\" class=\"attachment-large size-large wp-image-192\" alt=\"\" srcset=\"https:\/\/promoeco.tuempresaon.com\/wp-content\/uploads\/2026\/04\/boletin_elecciones_2019-1024x376.jpg 1024w, https:\/\/promoeco.tuempresaon.com\/wp-content\/uploads\/2026\/04\/boletin_elecciones_2019-300x110.jpg 300w, https:\/\/promoeco.tuempresaon.com\/wp-content\/uploads\/2026\/04\/boletin_elecciones_2019-768x282.jpg 768w, https:\/\/promoeco.tuempresaon.com\/wp-content\/uploads\/2026\/04\/boletin_elecciones_2019.jpg 1200w\" sizes=\"(max-width: 1024px) 100vw, 1024px\" \/>\t\t\t\t\t\t\t\t\t\t\t\t\t\t\t<\/div>\n\t\t\t\t<div class=\"elementor-element elementor-element-1a7becfe elementor-widget elementor-widget-shortcode\" data-id=\"1a7becfe\" data-element_type=\"widget\" data-e-type=\"widget\" data-widget_type=\"shortcode.default\">\n\t\t\t\t\t\t\t<div class=\"elementor-shortcode\"><iframe frameborder=\"0\" scrolling=\"no\" marginheight=\"0\" marginwidth=\"0\" src=\"https:\/\/app.mailjet.com\/widget\/iframe\/2fYH\/bzm\" width=\"100%\" height=\"422\"><\/iframe><\/div>\n\t\t\t\t\t\t<\/div>\n\t\t\t\t<div class=\"elementor-element elementor-element-336b2ca4 elementor-widget-divider--view-line elementor-widget elementor-widget-divider\" data-id=\"336b2ca4\" data-element_type=\"widget\" data-e-type=\"widget\" data-widget_type=\"divider.default\">\n\t\t\t\t\t\t\t<div class=\"elementor-divider\">\n\t\t\t<span class=\"elementor-divider-separator\">\n\t\t\t\t\t\t<\/span>\n\t\t<\/div>\n\t\t\t\t\t\t<\/div>\n\t\t\t\t<div class=\"elementor-element elementor-element-e2cbb0 elementor-widget elementor-widget-text-editor\" data-id=\"e2cbb0\" data-element_type=\"widget\" data-e-type=\"widget\" data-widget_type=\"text-editor.default\">\n\t\t\t\t\t\t\t\t\t<h6 class=\"MsoNormal\"><b>RESPONSABLE DEL TRATAMIENTO :<\/b> Ecoimpresion y Publicidad S.L, <b>DIRECCI\u00d3N DEL RESPONSABLE:<\/b> C\/ Isidro Madrid, 16, CP 30710, Los Alc\u00e1zares (Murcia) <b>PUBLICIDAD:<\/b> \u00a0Sus datos ser\u00e1n usados para poder atender sus solicitudes y prestarle nuestros servicios. <b>LEGITIMACI\u00d3N:<\/b> \u00danicamente trataremos sus datos con su consentimiento previo, que podr\u00e1 facilitarnos mediante la casilla correspondiente establecida al efecto. <b>DESTINATARIOS:<\/b> Con car\u00e1cter general, s\u00f3lo el personal de nuestra entidad que est\u00e9 debidamente autorizado podr\u00e1 tener conocimiento de la informaci\u00f3n que le pedimos. <b>DERECHOS:<\/b> Tiene derecho a saber qu\u00e9 informaci\u00f3n tenemos sobre usted, corregirla y eliminarla, tal y como se explica en la informaci\u00f3n adicional disponible en nuestra p\u00e1gina web. <b>INFORMACI\u00d3N ADICIONAL:<\/b> M\u00e1s informaci\u00f3n en el apartado <b>\u201cSUS DATOS SEGUROS\u201d<\/b> de nuestra p\u00e1gina web.<\/h6>\t\t\t\t\t\t\t\t<\/div>\n\t\t\t\t\t<\/div>\n\t\t<\/div>\n\t\t\t\t\t<\/div>\n\t\t<\/section>\n\t\t\t\t<\/div>\n\t\t","protected":false},"excerpt":{"rendered":"<p>RESPONSABLE DEL TRATAMIENTO : Ecoimpresion y Publicidad S.L, DIRECCI\u00d3N DEL RESPONSABLE: C\/ Isidro Madrid, 16, CP 30710, Los Alc\u00e1zares (Murcia) PUBLICIDAD: \u00a0Sus datos ser\u00e1n usados para poder atender sus solicitudes y prestarle nuestros servicios. LEGITIMACI\u00d3N: \u00danicamente trataremos sus datos con su consentimiento previo, que podr\u00e1 facilitarnos mediante la casilla correspondiente establecida al efecto. DESTINATARIOS: Con [&hellip;]<\/p>\n","protected":false},"author":1,"featured_media":0,"parent":0,"menu_order":0,"comment_status":"closed","ping_status":"closed","template":"","meta":{"footnotes":""},"class_list":["post-191","page","type-page","status-publish","hentry"],"_links":{"self":[{"href":"https:\/\/promoeco.tuempresaon.com\/index.php?rest_route=\/wp\/v2\/pages\/191","targetHints":{"allow":["GET"]}}],"collection":[{"href":"https:\/\/promoeco.tuempresaon.com\/index.php?rest_route=\/wp\/v2\/pages"}],"about":[{"href":"https:\/\/promoeco.tuempresaon.com\/index.php?rest_route=\/wp\/v2\/types\/page"}],"author":[{"embeddable":true,"href":"https:\/\/promoeco.tuempresaon.com\/index.php?rest_route=\/wp\/v2\/users\/1"}],"replies":[{"embeddable":true,"href":"https:\/\/promoeco.tuempresaon.com\/index.php?rest_route=%2Fwp%2Fv2%2Fcomments&post=191"}],"version-history":[{"count":4,"href":"https:\/\/promoeco.tuempresaon.com\/index.php?rest_route=\/wp\/v2\/pages\/191\/revisions"}],"predecessor-version":[{"id":379,"href":"https:\/\/promoeco.tuempresaon.com\/index.php?rest_route=\/wp\/v2\/pages\/191\/revisions\/379"}],"wp:attachment":[{"href":"https:\/\/promoeco.tuempresaon.com\/index.php?rest_route=%2Fwp%2Fv2%2Fmedia&parent=191"}],"curies":[{"name":"wp","href":"https:\/\/api.w.org\/{rel}","templated":true}]}}