{"id":6,"date":"2026-04-10T18:08:07","date_gmt":"2026-04-10T18:08:07","guid":{"rendered":"https:\/\/promoeco.tuempresaon.com\/?page_id=6"},"modified":"2026-04-10T18:08:40","modified_gmt":"2026-04-10T18:08:40","slug":"bases-principales-para-sorteo-500e-para-lo-que-quieras-de-la-web","status":"publish","type":"page","link":"https:\/\/promoeco.tuempresaon.com\/?page_id=6","title":{"rendered":"BASES PRINCIPALES PARA SORTEO 500\u20ac PARA LO QUE QUIERAS DE LA WEB"},"content":{"rendered":"\t\t<div data-elementor-type=\"wp-page\" data-elementor-id=\"6\" class=\"elementor elementor-6\">\n\t\t\t\t\t\t<section class=\"elementor-section elementor-top-section elementor-element elementor-element-f0ec2c3 elementor-section-boxed elementor-section-height-default elementor-section-height-default\" data-id=\"f0ec2c3\" data-element_type=\"section\" data-e-type=\"section\">\n\t\t\t\t\t\t<div class=\"elementor-container elementor-column-gap-default\">\n\t\t\t\t\t<div class=\"elementor-column elementor-col-100 elementor-top-column elementor-element elementor-element-216cf765\" data-id=\"216cf765\" data-element_type=\"column\" data-e-type=\"column\">\n\t\t\t<div class=\"elementor-widget-wrap elementor-element-populated\">\n\t\t\t\t\t\t<div class=\"elementor-element elementor-element-3cf57bbf elementor-widget elementor-widget-image\" data-id=\"3cf57bbf\" data-element_type=\"widget\" data-e-type=\"widget\" data-widget_type=\"image.default\">\n\t\t\t\t\t\t\t\t\t\t\t\t\t\t\t\t<a href=\"http:\/\/www.ecoimpresion.es\">\n\t\t\t\t\t\t\t<img decoding=\"async\" width=\"300\" height=\"76\" src=\"https:\/\/promoeco.tuempresaon.com\/wp-content\/uploads\/2026\/04\/ecoimpresion-logo-328x80-1-300x76.jpg\" class=\"attachment-medium size-medium wp-image-7\" alt=\"\" srcset=\"https:\/\/promoeco.tuempresaon.com\/wp-content\/uploads\/2026\/04\/ecoimpresion-logo-328x80-1-300x76.jpg 300w, https:\/\/promoeco.tuempresaon.com\/wp-content\/uploads\/2026\/04\/ecoimpresion-logo-328x80-1.jpg 328w\" sizes=\"(max-width: 300px) 100vw, 300px\" \/>\t\t\t\t\t\t\t\t<\/a>\n\t\t\t\t\t\t\t\t\t\t\t\t\t\t\t<\/div>\n\t\t\t\t\t<\/div>\n\t\t<\/div>\n\t\t\t\t\t<\/div>\n\t\t<\/section>\n\t\t\t\t<section class=\"elementor-section elementor-top-section elementor-element elementor-element-1caa1515 elementor-section-boxed elementor-section-height-default elementor-section-height-default\" data-id=\"1caa1515\" data-element_type=\"section\" data-e-type=\"section\">\n\t\t\t\t\t\t<div class=\"elementor-container elementor-column-gap-default\">\n\t\t\t\t\t<div class=\"elementor-column elementor-col-100 elementor-top-column elementor-element elementor-element-1d69ee6a\" data-id=\"1d69ee6a\" data-element_type=\"column\" data-e-type=\"column\">\n\t\t\t<div class=\"elementor-widget-wrap elementor-element-populated\">\n\t\t\t\t\t\t<div class=\"elementor-element elementor-element-333e8856 elementor-widget elementor-widget-heading\" data-id=\"333e8856\" data-element_type=\"widget\" data-e-type=\"widget\" data-widget_type=\"heading.default\">\n\t\t\t\t\t<h1 class=\"elementor-heading-title elementor-size-default\">BASES DEL SORTEO VERANO 100\u20ac - AGOSTO 2025<\/h1>\t\t\t\t<\/div>\n\t\t\t\t\t<\/div>\n\t\t<\/div>\n\t\t\t\t\t<\/div>\n\t\t<\/section>\n\t\t\t\t<section class=\"elementor-section elementor-top-section elementor-element elementor-element-3bfe75 elementor-section-boxed elementor-section-height-default elementor-section-height-default\" data-id=\"3bfe75\" data-element_type=\"section\" data-e-type=\"section\">\n\t\t\t\t\t\t<div class=\"elementor-container elementor-column-gap-default\">\n\t\t\t\t\t<div class=\"elementor-column elementor-col-33 elementor-top-column elementor-element elementor-element-21db7db5\" data-id=\"21db7db5\" data-element_type=\"column\" data-e-type=\"column\">\n\t\t\t<div class=\"elementor-widget-wrap elementor-element-populated\">\n\t\t\t\t\t\t<div class=\"elementor-element elementor-element-42dcf7d8 elementor-widget elementor-widget-text-editor\" data-id=\"42dcf7d8\" data-element_type=\"widget\" data-e-type=\"widget\" data-widget_type=\"text-editor.default\">\n\t\t\t\t\t\t\t\t\t<p><a href=\"https:\/\/www.ecoimpresion.es\/lonas\">LONAS<\/a><br \/><a href=\"https:\/\/www.ecoimpresion.es\/vinilos\">VINILOS<\/a><br \/><a href=\"https:\/\/www.ecoimpresion.es\/gran-formato\">GRAN FORMATO<\/a><br \/><a href=\"https:\/\/www.ecoimpresion.es\/vallas-carteles\">CARTELES PUBLICITARIOS<\/a><br \/><a href=\"https:\/\/www.ecoimpresion.es\/material\">MATERIALES<\/a><br \/><a href=\"https:\/\/www.ecoimpresion.es\/pequeno-formato\" target=\"_blank\" rel=\"noopener\">PEQUE\u00d1O FORMATO<\/a><br \/><a href=\"https:\/\/www.ecoimpresion.es\/ofertas\" target=\"_blank\" rel=\"noopener\">OFERTAS<\/a><br \/><a href=\"https:\/\/www.ecoimpresion.es\/mas\" target=\"_blank\" rel=\"noopener\">DISE\u00d1O<\/a><\/p>\t\t\t\t\t\t\t\t<\/div>\n\t\t\t\t\t<\/div>\n\t\t<\/div>\n\t\t\t\t<div class=\"elementor-column elementor-col-66 elementor-top-column elementor-element elementor-element-114f72be\" data-id=\"114f72be\" data-element_type=\"column\" data-e-type=\"column\">\n\t\t\t<div class=\"elementor-widget-wrap elementor-element-populated\">\n\t\t\t\t\t\t<div class=\"elementor-element elementor-element-4ef0c866 elementor-widget elementor-widget-text-editor\" data-id=\"4ef0c866\" data-element_type=\"widget\" data-e-type=\"widget\" data-widget_type=\"text-editor.default\">\n\t\t\t\t\t\t\t\t\t<p class=\"MsoNormal\" style=\"margin-bottom: 0cm; line-height: normal;\"><b><span style=\"font-family: 'Arial',sans-serif; mso-fareast-font-family: Arial; color: black;\">BASES LEGALES Y CONDICIONES DE USO SORTEO ECOIMPRESION.ES<\/span><\/b><\/p>\n<h6 class=\"MsoNormal\" style=\"margin-bottom: 0cm; line-height: normal;\"><span style=\"font-size: 12.0pt; font-family: 'Times New Roman',serif; mso-fareast-font-family: 'Times New Roman';\"><br><!-- [if !supportLineBreakNewLine]--><br><!--[endif]--><\/span><\/h6>\n<ol style=\"margin-top: 0cm;\" start=\"1\" type=\"1\">\n<li class=\"MsoNormal\" style=\"color: black; margin-bottom: 0cm; line-height: normal; mso-list: l0 level1 lfo4;\">\n<h6><span style=\"font-family: 'Arial',sans-serif; mso-fareast-font-family: Arial;\">\u2013 Ecoimpresion.es con domicilio social &nbsp;en Calle Isidro Madrid n\u00ba 16 , 30710 Los Alcazares, Murcia&nbsp; CIF B-30924120 organiza con fines promocionales la campa\u00f1a denominada \u201cSORTEO VERANO 100EUR GRATIS EN COMPRAS\u201d, para el \u00e1mbito promocional a nivel de toda Espa\u00f1a, a trav\u00e9s de campa\u00f1as publicitarias tanto de publicidad exterior y en internet para personas residentes en Espa\u00f1a y mayores de edad de acuerdo con lo dispuesto en el apartado de requisitos de participaci\u00f3n en el sorteo y mec\u00e1nica de la campa\u00f1a..<\/span><\/h6>\n<h6><!-- [if !supportLineBreakNewLine]--><br><!--[endif]--><\/h6>\n<\/li>\n<li class=\"MsoNormal\" style=\"margin-bottom: 0cm; line-height: normal; mso-list: l0 level1 lfo4;\">\n<h6><b><span style=\"font-family: 'Arial',sans-serif; mso-fareast-font-family: Arial; color: black;\">FECHA DE INICIO Y FECHA DE FINALIZACI\u00d3N DE LA CAMPA\u00d1A. <\/span><\/b><span style=\"font-family: 'Arial',sans-serif; mso-fareast-font-family: Arial; color: black;\"><br>La campa\u00f1a de promoci\u00f3n dar\u00e1 inicio el 14 de agosto de 2025 a las 23:59h y finalizar\u00e1 el d\u00eda 1 de septiembre &nbsp;de 2025 a las 8:00 horas.<br><\/span><span style=\"font-family: 'Arial',sans-serif; mso-fareast-font-family: Arial;\"><br><!-- [if !supportLineBreakNewLine]--><br><!--[endif]--><\/span><\/h6>\n<\/li>\n<li class=\"MsoNormal\" style=\"margin-bottom: 0cm; line-height: normal; mso-list: l0 level1 lfo4;\">\n<h6><b><span style=\"font-family: 'Arial',sans-serif; mso-fareast-font-family: Arial;\">REQUISITOS DE PARTICIPACI\u00d3N EN EL SORTEO Y MEC\u00c1NICA DE LA CAMPA\u00d1A.<\/span><\/b><span style=\"font-family: 'Arial',sans-serif; mso-fareast-font-family: Arial;\"><br>Podr\u00e1n participar todas aquellas personas que sean residentes en Espa\u00f1a, mayores de 18 a\u00f1os, que participen en la promoci\u00f3n de forma correcta.<br><span style=\"color: black;\"><br><\/span><b>PARA PARTICIPAR SE TENDRA QUE RELLENAR EL FORMULARIO PARA HACER SOLICITUDES QUE APARECE EN POP UP EN LA PAGINA WEB DURANTE EL PERIODO DE DURACI\u00d3N DEL SORTEO. <\/b><\/span><\/h6>\n<\/li>\n<\/ol>\n<h6 class=\"MsoNormal\" style=\"line-height: normal; margin: 0cm 0cm 0cm 36.0pt;\"><span style=\"font-size: 12.0pt; font-family: 'Times New Roman',serif; mso-fareast-font-family: 'Times New Roman';\">&nbsp;<\/span><\/h6>\n<h6 class=\"MsoNormal\" style=\"margin-bottom: 0cm; line-height: normal;\"><b><span style=\"font-size: 12.0pt; font-family: 'Times New Roman',serif; mso-fareast-font-family: 'Times New Roman';\">BASES PARA SORTEO 100\u20acUR EN COMPRAS EN ECOIMPRESION.ES<\/span><\/b><\/h6>\n<h6 class=\"MsoNormal\" style=\"margin-bottom: 0cm; line-height: normal;\"><span style=\"font-family: 'Arial',sans-serif; mso-fareast-font-family: Arial;\">Participar\u00e1n en el sorteo todas las personas que cumplan con las siguientes condiciones.<\/span><\/h6>\n<h6>A) RELLENAR EL FORMULARIO PARA HACER UNA SOLICITUD DE AYUDA, INFORMACION, LLAMADA O CUALQUIER ACCION DE CONTACTO<\/h6>\n<h6 class=\"MsoNormal\" style=\"margin-bottom: 0cm; line-height: normal;\"><b><span style=\"font-family: 'Arial',sans-serif; mso-fareast-font-family: Arial;\"><br><!-- [if !supportLineBreakNewLine]--><br><!--[endif]--><\/span><\/b><\/h6>\n<h6 class=\"MsoNormal\" style=\"margin-bottom: 0cm; line-height: normal;\"><b><span style=\"font-family: 'Arial',sans-serif; mso-fareast-font-family: Arial;\">B) RECIBIR EMAIL DE CONFIRMACI\u00d3N DE SOLICITUD DE INFORMACI\u00d3N. <\/span><\/b><\/h6>\n<h6 class=\"MsoNormal\" style=\"margin-bottom: 0cm; line-height: normal;\"><b><span style=\"font-family: 'Arial',sans-serif; mso-fareast-font-family: Arial;\">&nbsp;<\/span><\/b><\/h6>\n<h6 class=\"MsoNormal\" style=\"margin-bottom: 0cm; line-height: normal;\"><b><span style=\"font-family: 'Arial',sans-serif; mso-fareast-font-family: Arial;\">C) EN EL EMAIL RECIBIDO DARLE AL BOTON DE CLICK AQU\u00cd PARA PARTICIPAR EN EL SORTEO DE 100 <\/span><\/b><span style=\"font-family: 'Arial',sans-serif; mso-fareast-font-family: Arial;\">para poder ser un participante activo<b> <\/b><\/span><\/h6>\n<h6 class=\"MsoNormal\" style=\"margin-bottom: 0cm; line-height: normal;\"><span style=\"font-size: 12.0pt; font-family: 'Times New Roman',serif; mso-fareast-font-family: 'Times New Roman';\">&nbsp;<\/span><\/h6>\n<h6 class=\"MsoNormal\" style=\"margin-bottom: 0cm; line-height: normal;\"><b><span style=\"font-family: 'Arial',sans-serif; mso-fareast-font-family: Arial; color: black;\">CONDICIONES DE LA PROMOCI\u00d3N Y PREMIOS.<\/span><\/b><span style=\"font-family: 'Arial',sans-serif; mso-fareast-font-family: Arial; color: black;\"><br>Se eligir\u00e1 un total de un ganador para el sorteo, el cual ganara un total de 100euros en importe de compra en ecoimpresion ( incluido el iva correspondiente). <\/span><\/h6>\n<h6 class=\"MsoNormal\" style=\"margin-bottom: 0cm; line-height: normal;\"><span style=\"font-family: 'Arial',sans-serif; mso-fareast-font-family: Arial; color: black;\">&nbsp;<\/span><\/h6>\n<h6 class=\"MsoNormal\" style=\"margin-bottom: 0cm; line-height: normal;\"><span style=\"font-family: 'Arial',sans-serif; mso-fareast-font-family: Arial; color: black;\">Se elegir\u00e1n un total de &nbsp;1 ganador y 3 suplentes &nbsp;para el sorteo para el premio de 100\u20ac (para en caso de no presentarse los ganadores optar a premio los suplentes), de forma totalmente aleatoria a trav\u00e9s de la aplicaci\u00f3n APPSORTEOS entre todos los participantes que cumplan con todas las condiciones, expuestas anteriormente.<\/span><\/h6>\n<h6>Los suplentes elegidos tendr\u00e1n derecho a premio siempre y cuando no se hayan presentado el ganador por estricto orden del sorteo. &nbsp;<\/h6>\n<h6>Esta plataforma de sorteos asegura de forma totalmente autom\u00e1tica y sin posibilidad de manipulaci\u00f3n alguna, garantizando la transparencia del resultado del sorteo.<\/h6>\n<h6><b>\u00bfQU\u00c9 PREMIO CONSEGUIRA EL GANADOR?<\/b><br>El premio del sorteo que conseguir\u00e1 un \u00fanico ganador, consistir\u00e1 en 100\u20ac en compras para utilizar en la tienda online de ecoimpresion.es y que hayan participado correctamente en la campa\u00f1a \u201c<b>SORTEO VERANO 100EUR GRATIS EN COMPRAS<\/b>\u201d.<\/h6>\n<h6>Atenci\u00f3n: En ning\u00fan caso el premio podr\u00e1 ser canjeado por dinero.<\/h6>\n<h6><!-- [if !supportLineBreakNewLine]--><br><!--[endif]--><\/h6>\n<h6 class=\"MsoNormal\" style=\"margin: 0cm; text-indent: 0cm; line-height: normal; mso-list: l3 level1 lfo5;\"><!-- [if !supportLists]--><span style=\"font-family: 'Arial',sans-serif; mso-fareast-font-family: Arial; color: black;\">0.<span style=\"font-variant-numeric: normal; font-variant-east-asian: normal; font-variant-alternates: normal; font-size-adjust: none; font-kerning: auto; font-optical-sizing: auto; font-feature-settings: normal; font-variation-settings: normal; font-variant-position: normal; font-weight: normal; font-stretch: normal; font-size: 7pt; line-height: normal; font-family: 'Times New Roman';\">&nbsp;&nbsp;&nbsp;&nbsp;&nbsp;&nbsp;&nbsp;&nbsp;&nbsp;&nbsp;&nbsp; <\/span><\/span><!--[endif]--><b><span style=\"font-family: 'Arial',sans-serif; mso-fareast-font-family: Arial; color: black;\">RESERVA DEL DERECHO A <\/span><\/b><b><span style=\"font-family: 'Arial',sans-serif; mso-fareast-font-family: Arial;\">MODIFICACI\u00d3N<span style=\"color: black;\"> DE LAS BASES EN CASO NECESARIO.. <\/span><\/span><\/b><span style=\"font-family: 'Arial',sans-serif; mso-fareast-font-family: Arial; color: black;\"><br>Ecoimpresion.es se reserva el derecho de modificar o ampliar estas bases promocionales, en la medida que no perjudique o menoscabe los derechos de los participantes en la promoci\u00f3n. <\/span><\/h6>\n<h6><!-- [if !supportLineBreakNewLine]--><br><!--[endif]--><\/h6>\n<h6 class=\"MsoNormal\" style=\"margin: 0cm; text-indent: 0cm; line-height: normal; mso-list: l2 level1 lfo1;\"><!-- [if !supportLists]--><span style=\"font-family: 'Arial',sans-serif; mso-fareast-font-family: Arial; color: black;\">0.<span style=\"font-variant-numeric: normal; font-variant-east-asian: normal; font-variant-alternates: normal; font-size-adjust: none; font-kerning: auto; font-optical-sizing: auto; font-feature-settings: normal; font-variation-settings: normal; font-variant-position: normal; font-weight: normal; font-stretch: normal; font-size: 7pt; line-height: normal; font-family: 'Times New Roman';\">&nbsp;&nbsp;&nbsp;&nbsp;&nbsp;&nbsp;&nbsp;&nbsp;&nbsp;&nbsp;&nbsp; <\/span><\/span><!--[endif]--><b><span style=\"font-family: 'Arial',sans-serif; mso-fareast-font-family: Arial; color: black;\">NOTIFICACI\u00d3N DE GANADORES \/ RECOGIDA \/ ENTREGA DE PREMIOS. <\/span><\/b><span style=\"font-family: 'Arial',sans-serif; mso-fareast-font-family: Arial; color: black;\"><br>Los ganadores ser\u00e1n avisados mediante un mensaje SMS, &nbsp;para notificarle el resultado del sorteo en el cual ha sido agraciado.<\/span><\/h6>\n<h6>El ganador tendr\u00e1 un m\u00e1ximo de 10 d\u00edas naturales desde la realizaci\u00f3n del sorteo para responder y reclamar su premio.<\/h6>\n<h6>En&nbsp; caso de no haber obtenido respuesta alguna por parte del ganador despu\u00e9s de 10 d\u00edas naturales, \u00e9ste dejar\u00e1 de tener derecho alguno sobre el mismo, y el premio pasar\u00e1 al ganador suplente obtenido a tal efecto en el sorteo inicial.<\/h6>\n<h6>En caso de no contestar el ganador y suplentes del sorteo se considerar\u00e1 desierto y sin derecho a premio.<\/h6>\n<h6><b>Para canjear el premio, el ganador se har\u00e1 una foto donde aparezca el logotipo de &nbsp;su negocio o sus instalaciones<\/b><\/h6>\n<h6 class=\"MsoNormal\" style=\"margin-bottom: 0cm; line-height: normal;\"><span style=\"font-size: 12.0pt; font-family: 'Times New Roman',serif; mso-fareast-font-family: 'Times New Roman';\"><br><!-- [if !supportLineBreakNewLine]--><br><!--[endif]--><\/span><\/h6>\n<h6 class=\"MsoNormal\" style=\"margin: 0cm; text-indent: 0cm; line-height: normal; mso-list: l1 level1 lfo2;\"><!-- [if !supportLists]--><span style=\"font-family: 'Arial',sans-serif; mso-fareast-font-family: Arial; color: black;\">0.<span style=\"font-variant-numeric: normal; font-variant-east-asian: normal; font-variant-alternates: normal; font-size-adjust: none; font-kerning: auto; font-optical-sizing: auto; font-feature-settings: normal; font-variation-settings: normal; font-variant-position: normal; font-weight: normal; font-stretch: normal; font-size: 7pt; line-height: normal; font-family: 'Times New Roman';\">&nbsp;&nbsp;&nbsp;&nbsp;&nbsp;&nbsp;&nbsp;&nbsp;&nbsp;&nbsp;&nbsp; <\/span><\/span><!--[endif]--><b><span style=\"font-family: 'Arial',sans-serif; mso-fareast-font-family: Arial; color: black;\">DERECHOS DE IMAGEN.<\/span><\/b><span style=\"font-family: 'Arial',sans-serif; mso-fareast-font-family: Arial; color: black;\"> <br>Todos los participantes autorizan a la empresa organizadora a reproducir, utilizar y difundir su nombre, apellidos e imagen en cualquier actividad publicitaria y- o promocional relacionada con esta campa\u00f1a, todo ello en cualquier medio, sin que dichas actividades les confieran derecho de remuneraci\u00f3n alguna por ello, o beneficio alguno, con excepci\u00f3n de la entrega del premio obtenido conforme a las bases de este sorteo. <br>La cesi\u00f3n incluye todos los derechos de reproducci\u00f3n, transformaci\u00f3n, distribuci\u00f3n y comunicaci\u00f3n p\u00fablica de la grabaci\u00f3n o im\u00e1genes captadas, sin limitaci\u00f3n de tiempo ni de territorio.<\/span><\/h6>\n<h6><!-- [if !supportLineBreakNewLine]--><br><!--[endif]--><\/h6>\n<h6 class=\"MsoNormal\" style=\"margin: 0cm; text-indent: 0cm; line-height: normal; mso-list: l4 level1 lfo3;\"><!-- [if !supportLists]--><span style=\"font-family: 'Arial',sans-serif; mso-fareast-font-family: Arial; color: black;\">0.<span style=\"font-variant-numeric: normal; font-variant-east-asian: normal; font-variant-alternates: normal; font-size-adjust: none; font-kerning: auto; font-optical-sizing: auto; font-feature-settings: normal; font-variation-settings: normal; font-variant-position: normal; font-weight: normal; font-stretch: normal; font-size: 7pt; line-height: normal; font-family: 'Times New Roman';\">&nbsp;&nbsp;&nbsp;&nbsp;&nbsp;&nbsp;&nbsp;&nbsp;&nbsp;&nbsp;&nbsp; <\/span><\/span><!--[endif]--><b><span style=\"font-family: 'Arial',sans-serif; mso-fareast-font-family: Arial; color: black;\">R\u00c9GIMEN FISCAL. <\/span><\/b><span style=\"font-family: 'Arial',sans-serif; mso-fareast-font-family: Arial; color: black;\"><br>Los premios objeto de esta promoci\u00f3n, est\u00e1n sujetos a retenci\u00f3n de cuenta del impuesto sobre la renta de personas f\u00edsicas por parte de la Agencia Tributaria, seg\u00fan el<b> Real Decreto 439-2007<\/b>, por el cual se aprueba el Reglamento del IRPF, por ser su base de retenci\u00f3n superior a 300\u20ac. <\/span><\/h6>\n<h6>Cualesquiera otras obligaciones tributarias que la obtenci\u00f3n del premio tenga, caso de proceder, en la fiscalidad del ganador, ser\u00e1n por cuenta de este, por lo que el organizador queda relevado de cualquier responsabilidad futura.<\/h6>\n<h6>En consecuencia, cada ganador ser\u00e1 responsable de cumplir con las obligaciones fiscales y contables que comporte en su caso la obtenci\u00f3n del premio a efectos de su imposici\u00f3n personal.<\/h6>\n<h6 class=\"MsoNormal\"><span style=\"font-size: 12.0pt; line-height: 107%; font-family: 'Times New Roman',serif; mso-fareast-font-family: 'Times New Roman';\"><br><\/span><b><span style=\"font-family: 'Arial',sans-serif; mso-fareast-font-family: Arial; color: black;\">9.- LEGISLACI\u00d3N APLICABLE Y JURISDICCI\u00d3N.<\/span><\/b><span style=\"font-family: 'Arial',sans-serif; mso-fareast-font-family: Arial; color: black;\"> <br>Estas bases legales se regir\u00e1n de conformidad con la ley espa\u00f1ola. <br>Ser\u00e1n competentes para resolver cualquier reclamaci\u00f3n o controversia que pudiera plantearse en relaci\u00f3n con la validez, interpretaci\u00f3n o cumplimiento de estas bases los juzgados y tribunales de San Javier, Murcia.<\/span><\/h6>\t\t\t\t\t\t\t\t<\/div>\n\t\t\t\t\t<\/div>\n\t\t<\/div>\n\t\t\t\t\t<\/div>\n\t\t<\/section>\n\t\t\t\t<\/div>\n\t\t","protected":false},"excerpt":{"rendered":"<p>BASES DEL SORTEO VERANO 100\u20ac &#8211; AGOSTO 2025 LONASVINILOSGRAN FORMATOCARTELES PUBLICITARIOSMATERIALESPEQUE\u00d1O FORMATOOFERTASDISE\u00d1O BASES LEGALES Y CONDICIONES DE USO SORTEO ECOIMPRESION.ES \u2013 Ecoimpresion.es con domicilio social &nbsp;en Calle Isidro Madrid n\u00ba 16 , 30710 Los Alcazares, Murcia&nbsp; CIF B-30924120 organiza con fines promocionales la campa\u00f1a denominada \u201cSORTEO VERANO 100EUR GRATIS EN COMPRAS\u201d, para el \u00e1mbito promocional [&hellip;]<\/p>\n","protected":false},"author":1,"featured_media":0,"parent":0,"menu_order":0,"comment_status":"closed","ping_status":"closed","template":"","meta":{"footnotes":""},"class_list":["post-6","page","type-page","status-publish","hentry"],"_links":{"self":[{"href":"https:\/\/promoeco.tuempresaon.com\/index.php?rest_route=\/wp\/v2\/pages\/6","targetHints":{"allow":["GET"]}}],"collection":[{"href":"https:\/\/promoeco.tuempresaon.com\/index.php?rest_route=\/wp\/v2\/pages"}],"about":[{"href":"https:\/\/promoeco.tuempresaon.com\/index.php?rest_route=\/wp\/v2\/types\/page"}],"author":[{"embeddable":true,"href":"https:\/\/promoeco.tuempresaon.com\/index.php?rest_route=\/wp\/v2\/users\/1"}],"replies":[{"embeddable":true,"href":"https:\/\/promoeco.tuempresaon.com\/index.php?rest_route=%2Fwp%2Fv2%2Fcomments&post=6"}],"version-history":[{"count":4,"href":"https:\/\/promoeco.tuempresaon.com\/index.php?rest_route=\/wp\/v2\/pages\/6\/revisions"}],"predecessor-version":[{"id":307,"href":"https:\/\/promoeco.tuempresaon.com\/index.php?rest_route=\/wp\/v2\/pages\/6\/revisions\/307"}],"wp:attachment":[{"href":"https:\/\/promoeco.tuempresaon.com\/index.php?rest_route=%2Fwp%2Fv2%2Fmedia&parent=6"}],"curies":[{"name":"wp","href":"https:\/\/api.w.org\/{rel}","templated":true}]}}